{"id":10,"date":"2009-10-24T23:26:04","date_gmt":"2009-10-24T22:26:04","guid":{"rendered":"http:\/\/cccolloto.wordpress.com\/?page_id=9"},"modified":"2025-04-09T09:53:18","modified_gmt":"2025-04-09T07:53:18","slug":"cadete","status":"publish","type":"page","link":"https:\/\/cccolloto.com\/index.php\/cadete\/","title":{"rendered":"Cadete"},"content":{"rendered":"\n<figure class=\"wp-block-image alignnone size-large size-full wp-image-8\"><a href=\"http:\/\/cccolloto.com\/wp-content\/uploads\/2025\/04\/H1A6292-Mejorado-NR-Editar.jpg\"><img loading=\"lazy\" decoding=\"async\" width=\"1024\" height=\"682\" src=\"https:\/\/cccolloto.com\/wp-content\/uploads\/2025\/04\/H1A6292-Mejorado-NR-Editar-1024x682.jpg\" alt=\"\" class=\"wp-image-718\" srcset=\"https:\/\/cccolloto.com\/wp-content\/uploads\/2025\/04\/H1A6292-Mejorado-NR-Editar-1024x682.jpg 1024w, https:\/\/cccolloto.com\/wp-content\/uploads\/2025\/04\/H1A6292-Mejorado-NR-Editar-300x200.jpg 300w, https:\/\/cccolloto.com\/wp-content\/uploads\/2025\/04\/H1A6292-Mejorado-NR-Editar-768x512.jpg 768w, https:\/\/cccolloto.com\/wp-content\/uploads\/2025\/04\/H1A6292-Mejorado-NR-Editar-1536x1024.jpg 1536w, https:\/\/cccolloto.com\/wp-content\/uploads\/2025\/04\/H1A6292-Mejorado-NR-Editar-685x457.jpg 685w, https:\/\/cccolloto.com\/wp-content\/uploads\/2025\/04\/H1A6292-Mejorado-NR-Editar-342x228.jpg 342w, https:\/\/cccolloto.com\/wp-content\/uploads\/2025\/04\/H1A6292-Mejorado-NR-Editar.jpg 2000w\" sizes=\"auto, (max-width: 1024px) 100vw, 1024px\" \/><\/a><figcaption>Equipo Ciclista Cadete Ciudad de Oviedo 2025<\/figcaption><\/figure>\n\n\n\n<p>Deportistas de 15 y 16 a\u00f1os comienzan su carrera como ciclistas en el equipo cadete del Centro de Tecnificaci\u00f3n Deportiva Ciclista Ciudad de Oviedo.<\/p>\n\n\n\n<p>Nuestro equipo cadete participa en el calendario auton\u00f3mico y nacional, Juegos Escolares del Principado de Asturias, Trofeo Astur-C\u00e1ntabro y Trofeo Astur-C\u00e1ntabro-Gallego y pruebas por etapas como la Vuelta a los Valles Mineros y la Vuelta al Besaya, centrados en el ciclismo en ruta e inici\u00e1ndose en la pista y el ciclocross.<\/p>\n\n\n\n<p>La direcci\u00f3n del equipo corre a cargo de Celso Fern\u00e1ndez con C\u00e9sar Castro como t\u00e9cnico adjunto y  preparador f\u00edsico.<\/p>\n\n\n\n<p><\/p>\n","protected":false},"excerpt":{"rendered":"<p>Deportistas de 15 y 16 a\u00f1os comienzan su carrera como ciclistas en el equipo cadete del Centro de Tecnificaci\u00f3n Deportiva Ciclista Ciudad de Oviedo. Nuestro equipo cadete participa en el calendario auton\u00f3mico y nacional, Juegos Escolares del Principado de Asturias, Trofeo Astur-C\u00e1ntabro y Trofeo Astur-C\u00e1ntabro-Gallego y pruebas por etapas como la Vuelta a los Valles &hellip; <a href=\"https:\/\/cccolloto.com\/index.php\/cadete\/\" class=\"more-link\">Sigue leyendo <span class=\"screen-reader-text\">Cadete<\/span><\/a><\/p>\n","protected":false},"author":1,"featured_media":0,"parent":0,"menu_order":3,"comment_status":"closed","ping_status":"closed","template":"","meta":{"footnotes":""},"class_list":["post-10","page","type-page","status-publish","hentry"],"_links":{"self":[{"href":"https:\/\/cccolloto.com\/index.php\/wp-json\/wp\/v2\/pages\/10","targetHints":{"allow":["GET"]}}],"collection":[{"href":"https:\/\/cccolloto.com\/index.php\/wp-json\/wp\/v2\/pages"}],"about":[{"href":"https:\/\/cccolloto.com\/index.php\/wp-json\/wp\/v2\/types\/page"}],"author":[{"embeddable":true,"href":"https:\/\/cccolloto.com\/index.php\/wp-json\/wp\/v2\/users\/1"}],"replies":[{"embeddable":true,"href":"https:\/\/cccolloto.com\/index.php\/wp-json\/wp\/v2\/comments?post=10"}],"version-history":[{"count":6,"href":"https:\/\/cccolloto.com\/index.php\/wp-json\/wp\/v2\/pages\/10\/revisions"}],"predecessor-version":[{"id":719,"href":"https:\/\/cccolloto.com\/index.php\/wp-json\/wp\/v2\/pages\/10\/revisions\/719"}],"wp:attachment":[{"href":"https:\/\/cccolloto.com\/index.php\/wp-json\/wp\/v2\/media?parent=10"}],"curies":[{"name":"wp","href":"https:\/\/api.w.org\/{rel}","templated":true}]}}

<figure class="wp-block-image alignnone size-large size-full wp-image-8"><a href="http://cccolloto.com/wp-content/uploads/2025/04/H1A6292-Mejorado-NR-Editar.jpg"><img loading="lazy" decoding="async" width="1024" height="682" src="https://cccolloto.com/wp-content/uploads/2025/04/H1A6292-Mejorado-NR-Editar-1024x682.jpg" alt="" class="wp-image-718" srcset="https://cccolloto.com/wp-content/uploads/2025/04/H1A6292-Mejorado-NR-Editar-1024x682.jpg 1024w, https://cccolloto.com/wp-content/uploads/2025/04/H1A6292-Mejorado-NR-Editar-300x200.jpg 300w, https://cccolloto.com/wp-content/uploads/2025/04/H1A6292-Mejorado-NR-Editar-768x512.jpg 768w, https://cccolloto.com/wp-content/uploads/2025/04/H1A6292-Mejorado-NR-Editar-1536x1024.jpg 1536w, https://cccolloto.com/wp-content/uploads/2025/04/H1A6292-Mejorado-NR-Editar-685x457.jpg 685w, https://cccolloto.com/wp-content/uploads/2025/04/H1A6292-Mejorado-NR-Editar-342x228.jpg 342w, https://cccolloto.com/wp-content/uploads/2025/04/H1A6292-Mejorado-NR-Editar.jpg 2000w" sizes="auto, (max-width: 1024px) 100vw, 1024px" /></a><figcaption>Equipo Ciclista Cadete Ciudad de Oviedo 2025</figcaption></figure>



<p>Deportistas de 15 y 16 años comienzan su carrera como ciclistas en el equipo cadete del Centro de Tecnificación Deportiva Ciclista Ciudad de Oviedo.</p>



<p>Nuestro equipo cadete participa en el calendario autonómico y nacional, Juegos Escolares del Principado de Asturias, Trofeo Astur-Cántabro y Trofeo Astur-Cántabro-Gallego y pruebas por etapas como la Vuelta a los Valles Mineros y la Vuelta al Besaya, centrados en el ciclismo en ruta e iniciándose en la pista y el ciclocross.</p>



<p>La dirección del equipo corre a cargo de Celso Fernández con César Castro como técnico adjunto y  preparador físico.</p>



<p></p>

<p>Deportistas de 15 y 16 años comienzan su carrera como ciclistas en el equipo cadete del Centro de Tecnificación Deportiva Ciclista Ciudad de Oviedo. Nuestro equipo cadete participa en el calendario autonómico y nacional, Juegos Escolares del Principado de Asturias, Trofeo Astur-Cántabro y Trofeo Astur-Cántabro-Gallego y pruebas por etapas como la Vuelta a los Valles &hellip; <a href="https://cccolloto.com/index.php/cadete/" class="more-link">Sigue leyendo <span class="screen-reader-text">Cadete</span></a></p>
