{"id":11,"date":"2009-10-24T23:27:13","date_gmt":"2009-10-24T22:27:13","guid":{"rendered":"http:\/\/cccolloto.wordpress.com\/?page_id=11"},"modified":"2025-04-09T09:53:58","modified_gmt":"2025-04-09T07:53:58","slug":"juvenil","status":"publish","type":"page","link":"https:\/\/cccolloto.com\/index.php\/juvenil\/","title":{"rendered":"Juvenil"},"content":{"rendered":"\n<figure class=\"wp-block-image size-large\"><img loading=\"lazy\" decoding=\"async\" width=\"1024\" height=\"682\" src=\"https:\/\/cccolloto.com\/wp-content\/uploads\/2025\/04\/H1A6341-Mejorado-NR-Editar-1024x682.jpg\" alt=\"\" class=\"wp-image-720\" title=\"juvenil2010\" srcset=\"https:\/\/cccolloto.com\/wp-content\/uploads\/2025\/04\/H1A6341-Mejorado-NR-Editar-1024x682.jpg 1024w, https:\/\/cccolloto.com\/wp-content\/uploads\/2025\/04\/H1A6341-Mejorado-NR-Editar-300x200.jpg 300w, https:\/\/cccolloto.com\/wp-content\/uploads\/2025\/04\/H1A6341-Mejorado-NR-Editar-768x512.jpg 768w, https:\/\/cccolloto.com\/wp-content\/uploads\/2025\/04\/H1A6341-Mejorado-NR-Editar-1536x1024.jpg 1536w, https:\/\/cccolloto.com\/wp-content\/uploads\/2025\/04\/H1A6341-Mejorado-NR-Editar-685x457.jpg 685w, https:\/\/cccolloto.com\/wp-content\/uploads\/2025\/04\/H1A6341-Mejorado-NR-Editar-342x228.jpg 342w, https:\/\/cccolloto.com\/wp-content\/uploads\/2025\/04\/H1A6341-Mejorado-NR-Editar.jpg 2000w\" sizes=\"auto, (max-width: 1024px) 100vw, 1024px\" \/><figcaption>Equipo Ciclista Juvenil Ciudad de Oviedo<\/figcaption><\/figure>\n\n\n\n<p>Deportistas de 17 y 18 a\u00f1os prosiguen su carrera como ciclistas en el equipo juvenil del Centro de Tecnificaci\u00f3n Deportiva Ciclista Ciudad de Oviedo.<\/p>\n\n\n\n<p>Nuestro equipo juvenil participa en el calendario auton\u00f3mico y nacional, Trofeo Astur-C\u00e1ntabro, Copa de Espa\u00f1a y pruebas por etapas como la Vuelta a la Ribera del Duero y la Vuelta al Besaya, centrados en el ciclismo en ruta sin dejar de lado la pista y el ciclocross.<\/p>\n\n\n\n<p>La direcci\u00f3n del equipo corre a cargo de Celso Fern\u00e1ndez con C\u00e9sar Castro como t\u00e9cnico adjunto y preparador f\u00edsico.<\/p>\n","protected":false},"excerpt":{"rendered":"<p>Deportistas de 17 y 18 a\u00f1os prosiguen su carrera como ciclistas en el equipo juvenil del Centro de Tecnificaci\u00f3n Deportiva Ciclista Ciudad de Oviedo. Nuestro equipo juvenil participa en el calendario auton\u00f3mico y nacional, Trofeo Astur-C\u00e1ntabro, Copa de Espa\u00f1a y pruebas por etapas como la Vuelta a la Ribera del Duero y la Vuelta al &hellip; <a href=\"https:\/\/cccolloto.com\/index.php\/juvenil\/\" class=\"more-link\">Sigue leyendo <span class=\"screen-reader-text\">Juvenil<\/span><\/a><\/p>\n","protected":false},"author":1,"featured_media":0,"parent":0,"menu_order":4,"comment_status":"closed","ping_status":"closed","template":"","meta":{"footnotes":""},"class_list":["post-11","page","type-page","status-publish","hentry"],"_links":{"self":[{"href":"https:\/\/cccolloto.com\/index.php\/wp-json\/wp\/v2\/pages\/11","targetHints":{"allow":["GET"]}}],"collection":[{"href":"https:\/\/cccolloto.com\/index.php\/wp-json\/wp\/v2\/pages"}],"about":[{"href":"https:\/\/cccolloto.com\/index.php\/wp-json\/wp\/v2\/types\/page"}],"author":[{"embeddable":true,"href":"https:\/\/cccolloto.com\/index.php\/wp-json\/wp\/v2\/users\/1"}],"replies":[{"embeddable":true,"href":"https:\/\/cccolloto.com\/index.php\/wp-json\/wp\/v2\/comments?post=11"}],"version-history":[{"count":4,"href":"https:\/\/cccolloto.com\/index.php\/wp-json\/wp\/v2\/pages\/11\/revisions"}],"predecessor-version":[{"id":721,"href":"https:\/\/cccolloto.com\/index.php\/wp-json\/wp\/v2\/pages\/11\/revisions\/721"}],"wp:attachment":[{"href":"https:\/\/cccolloto.com\/index.php\/wp-json\/wp\/v2\/media?parent=11"}],"curies":[{"name":"wp","href":"https:\/\/api.w.org\/{rel}","templated":true}]}}

<figure class="wp-block-image size-large"><img loading="lazy" decoding="async" width="1024" height="682" src="https://cccolloto.com/wp-content/uploads/2025/04/H1A6341-Mejorado-NR-Editar-1024x682.jpg" alt="" class="wp-image-720" title="juvenil2010" srcset="https://cccolloto.com/wp-content/uploads/2025/04/H1A6341-Mejorado-NR-Editar-1024x682.jpg 1024w, https://cccolloto.com/wp-content/uploads/2025/04/H1A6341-Mejorado-NR-Editar-300x200.jpg 300w, https://cccolloto.com/wp-content/uploads/2025/04/H1A6341-Mejorado-NR-Editar-768x512.jpg 768w, https://cccolloto.com/wp-content/uploads/2025/04/H1A6341-Mejorado-NR-Editar-1536x1024.jpg 1536w, https://cccolloto.com/wp-content/uploads/2025/04/H1A6341-Mejorado-NR-Editar-685x457.jpg 685w, https://cccolloto.com/wp-content/uploads/2025/04/H1A6341-Mejorado-NR-Editar-342x228.jpg 342w, https://cccolloto.com/wp-content/uploads/2025/04/H1A6341-Mejorado-NR-Editar.jpg 2000w" sizes="auto, (max-width: 1024px) 100vw, 1024px" /><figcaption>Equipo Ciclista Juvenil Ciudad de Oviedo</figcaption></figure>



<p>Deportistas de 17 y 18 años prosiguen su carrera como ciclistas en el equipo juvenil del Centro de Tecnificación Deportiva Ciclista Ciudad de Oviedo.</p>



<p>Nuestro equipo juvenil participa en el calendario autonómico y nacional, Trofeo Astur-Cántabro, Copa de España y pruebas por etapas como la Vuelta a la Ribera del Duero y la Vuelta al Besaya, centrados en el ciclismo en ruta sin dejar de lado la pista y el ciclocross.</p>



<p>La dirección del equipo corre a cargo de Celso Fernández con César Castro como técnico adjunto y preparador físico.</p>

<p>Deportistas de 17 y 18 años prosiguen su carrera como ciclistas en el equipo juvenil del Centro de Tecnificación Deportiva Ciclista Ciudad de Oviedo. Nuestro equipo juvenil participa en el calendario autonómico y nacional, Trofeo Astur-Cántabro, Copa de España y pruebas por etapas como la Vuelta a la Ribera del Duero y la Vuelta al &hellip; <a href="https://cccolloto.com/index.php/juvenil/" class="more-link">Sigue leyendo <span class="screen-reader-text">Juvenil</span></a></p>
