{"id":14,"date":"2009-10-24T23:29:08","date_gmt":"2009-10-24T22:29:08","guid":{"rendered":"http:\/\/cccolloto.wordpress.com\/?page_id=14"},"modified":"2025-04-09T09:54:51","modified_gmt":"2025-04-09T07:54:51","slug":"elite-y-sub-23","status":"publish","type":"page","link":"https:\/\/cccolloto.com\/index.php\/elite-y-sub-23\/","title":{"rendered":"\u00c9lite y Sub-23"},"content":{"rendered":"\n<figure class=\"wp-block-image size-large\"><img loading=\"lazy\" decoding=\"async\" width=\"1024\" height=\"682\" src=\"https:\/\/cccolloto.com\/wp-content\/uploads\/2025\/04\/H1A6215-Mejorado-NR-Editar-1024x682.jpg\" alt=\"\" class=\"wp-image-722\" title=\"elite2010\" srcset=\"https:\/\/cccolloto.com\/wp-content\/uploads\/2025\/04\/H1A6215-Mejorado-NR-Editar-1024x682.jpg 1024w, https:\/\/cccolloto.com\/wp-content\/uploads\/2025\/04\/H1A6215-Mejorado-NR-Editar-300x200.jpg 300w, https:\/\/cccolloto.com\/wp-content\/uploads\/2025\/04\/H1A6215-Mejorado-NR-Editar-768x512.jpg 768w, https:\/\/cccolloto.com\/wp-content\/uploads\/2025\/04\/H1A6215-Mejorado-NR-Editar-1536x1024.jpg 1536w, https:\/\/cccolloto.com\/wp-content\/uploads\/2025\/04\/H1A6215-Mejorado-NR-Editar-685x457.jpg 685w, https:\/\/cccolloto.com\/wp-content\/uploads\/2025\/04\/H1A6215-Mejorado-NR-Editar-342x228.jpg 342w, https:\/\/cccolloto.com\/wp-content\/uploads\/2025\/04\/H1A6215-Mejorado-NR-Editar.jpg 2000w\" sizes=\"auto, (max-width: 1024px) 100vw, 1024px\" \/><figcaption>Equipo Ciclista Ciudad de Oviedo \u00c9lite y Sub-23 <\/figcaption><\/figure>\n\n\n\n<p>La categor\u00eda de plata del ciclismo, nada m\u00e1s arriba que el paso al profesionalismo. Nuestros deportistas Sub-23 afianzan y completan su formaci\u00f3n como ciclistas en el equipo sub-23 del Centro de Tecnificaci\u00f3n Deportiva Ciclista Ciudad de Oviedo junto a la categor\u00eda \u00e9lite.<\/p>\n\n\n\n<p>Nuestro equipo \u00e9lite\/sub-23 participa en el calendario auton\u00f3mico y nacional, pruebas de Copa de Espa\u00f1a y pruebas por etapas como la Vuelta a Palencia, Vuelta a Cantabria, Vuelta a Segovia, centrados en el ciclismo en ruta y participando en pruebas de pista y ciclocross.<\/p>\n\n\n\n<p>La direcci\u00f3n del equipo y del CTD corre a cargo de Baldomero Mart\u00ednez, as\u00ed como la preparaci\u00f3n f\u00edsica, con Maximino Corujo como t\u00e9cnico adjunto.<\/p>\n","protected":false},"excerpt":{"rendered":"<p>La categor\u00eda de plata del ciclismo, nada m\u00e1s arriba que el paso al profesionalismo. Nuestros deportistas Sub-23 afianzan y completan su formaci\u00f3n como ciclistas en el equipo sub-23 del Centro de Tecnificaci\u00f3n Deportiva Ciclista Ciudad de Oviedo junto a la categor\u00eda \u00e9lite. Nuestro equipo \u00e9lite\/sub-23 participa en el calendario auton\u00f3mico y nacional, pruebas de Copa &hellip; <a href=\"https:\/\/cccolloto.com\/index.php\/elite-y-sub-23\/\" class=\"more-link\">Sigue leyendo <span class=\"screen-reader-text\">\u00c9lite y Sub-23<\/span><\/a><\/p>\n","protected":false},"author":1,"featured_media":0,"parent":0,"menu_order":5,"comment_status":"closed","ping_status":"closed","template":"","meta":{"footnotes":""},"class_list":["post-14","page","type-page","status-publish","hentry"],"_links":{"self":[{"href":"https:\/\/cccolloto.com\/index.php\/wp-json\/wp\/v2\/pages\/14","targetHints":{"allow":["GET"]}}],"collection":[{"href":"https:\/\/cccolloto.com\/index.php\/wp-json\/wp\/v2\/pages"}],"about":[{"href":"https:\/\/cccolloto.com\/index.php\/wp-json\/wp\/v2\/types\/page"}],"author":[{"embeddable":true,"href":"https:\/\/cccolloto.com\/index.php\/wp-json\/wp\/v2\/users\/1"}],"replies":[{"embeddable":true,"href":"https:\/\/cccolloto.com\/index.php\/wp-json\/wp\/v2\/comments?post=14"}],"version-history":[{"count":4,"href":"https:\/\/cccolloto.com\/index.php\/wp-json\/wp\/v2\/pages\/14\/revisions"}],"predecessor-version":[{"id":723,"href":"https:\/\/cccolloto.com\/index.php\/wp-json\/wp\/v2\/pages\/14\/revisions\/723"}],"wp:attachment":[{"href":"https:\/\/cccolloto.com\/index.php\/wp-json\/wp\/v2\/media?parent=14"}],"curies":[{"name":"wp","href":"https:\/\/api.w.org\/{rel}","templated":true}]}}

Élite y Sub-23

<figure class="wp-block-image size-large"><img loading="lazy" decoding="async" width="1024" height="682" src="https://cccolloto.com/wp-content/uploads/2025/04/H1A6215-Mejorado-NR-Editar-1024x682.jpg" alt="" class="wp-image-722" title="elite2010" srcset="https://cccolloto.com/wp-content/uploads/2025/04/H1A6215-Mejorado-NR-Editar-1024x682.jpg 1024w, https://cccolloto.com/wp-content/uploads/2025/04/H1A6215-Mejorado-NR-Editar-300x200.jpg 300w, https://cccolloto.com/wp-content/uploads/2025/04/H1A6215-Mejorado-NR-Editar-768x512.jpg 768w, https://cccolloto.com/wp-content/uploads/2025/04/H1A6215-Mejorado-NR-Editar-1536x1024.jpg 1536w, https://cccolloto.com/wp-content/uploads/2025/04/H1A6215-Mejorado-NR-Editar-685x457.jpg 685w, https://cccolloto.com/wp-content/uploads/2025/04/H1A6215-Mejorado-NR-Editar-342x228.jpg 342w, https://cccolloto.com/wp-content/uploads/2025/04/H1A6215-Mejorado-NR-Editar.jpg 2000w" sizes="auto, (max-width: 1024px) 100vw, 1024px" /><figcaption>Equipo Ciclista Ciudad de Oviedo Élite y Sub-23 </figcaption></figure>



<p>La categoría de plata del ciclismo, nada más arriba que el paso al profesionalismo. Nuestros deportistas Sub-23 afianzan y completan su formación como ciclistas en el equipo sub-23 del Centro de Tecnificación Deportiva Ciclista Ciudad de Oviedo junto a la categoría élite.</p>



<p>Nuestro equipo élite/sub-23 participa en el calendario autonómico y nacional, pruebas de Copa de España y pruebas por etapas como la Vuelta a Palencia, Vuelta a Cantabria, Vuelta a Segovia, centrados en el ciclismo en ruta y participando en pruebas de pista y ciclocross.</p>



<p>La dirección del equipo y del CTD corre a cargo de Baldomero Martínez, así como la preparación física, con Maximino Corujo como técnico adjunto.</p>

<p>La categoría de plata del ciclismo, nada más arriba que el paso al profesionalismo. Nuestros deportistas Sub-23 afianzan y completan su formación como ciclistas en el equipo sub-23 del Centro de Tecnificación Deportiva Ciclista Ciudad de Oviedo junto a la categoría élite. Nuestro equipo élite/sub-23 participa en el calendario autonómico y nacional, pruebas de Copa &hellip; <a href="https://cccolloto.com/index.php/elite-y-sub-23/" class="more-link">Sigue leyendo <span class="screen-reader-text">Élite y Sub-23</span></a></p>
